 - 12. Let d(u) = 2*u - 1. Let c(m) = 3*d(m) - w(m). Calculate c(8).
1
Let q(g) be the second derivative of -1/12*g**4 + 0 - 19*g - 1/3*g**3 - g**2. What is q(-2)?
-2
Let p(t) = t + 1. Let o be p(1). Suppose 4*j + 5*i = 27, -i - o*i + 37 = 5*j. Let l(c) = -c**2 + 9*c - 7. Determine l(j).
1
Let m(s) = 7*s**3 + 9*s**2 - 3*s + 3. Let a(g) = 2*g**3 + g**2 - g. Let b(y) = -3*a(y) + m(y). Give b(-5).
28
Let c(a) = -26*a**2 - 9 - 8*a - a**3 + 16 + 34*a**2. Calculate c(6).
31
Let m(a) be the first derivative of a**4/4 + 5*a**3/3 - a**2/2 + 2*a + 318. Calculate m(-5).
7
Suppose 0 = -5*b + 3*u - 33, 29*u + 17 = -b + 27*u. Let s(r) = -r**3 - 9*r**2 + r - 3. What is s(b)?
-12
Let r(t) = 43*t**2 + 5*t - 13. Let w(j) = 37*j**2 + 5*j - 11. Let l(y) = -6*r(y) + 7*w(y). Give l(-5).
1
Suppose 5*g = -4*y - 4, 42 - 14 = 4*y - 3*g. Let n(v) = 4*v - 2. What is n(y)?
14
Let f(d) = -2*d**3 + 1. Suppose 11*u + 39 = 14*u. Suppose -9 = -4*a - u. Give f(a).
3
Let d(w) be the second derivative of -w**4/6 + w**3/3 + w**2/2 + 41*w. Determine d(-1).
-3
Let y(j) = -18*j**3 + j**2. Suppose 3 = 14*o - 11*o. Give y(o).
-17
Let p(g) = g**2 + 8*g - 9. Let z(h) = 3*h + 8. Let o be z(-6). What is p(o)?
11
Let l(v) be the first derivative of v**4/4 + 8*v**3/3 + 6*v - 322. What is l(-8)?
6
Let x(y) = -y**2 + 6*y - 1. Let c(p) = 0*p + 6 - p - 7 + 3. Let z be c(13). Let h be (-10)/(-30) - z/3. Determine x(h).
7
Let p(z) = 7*z**2 + 1930*z - 1930*z + 1. What is p(-2)?
29
Let m(z) = 9*z**2 + 7*z + 5*z**2 - 4 + 0*z**2 - 16*z**2. Calculate m(2).
2
Suppose -23*d + 153 = -8. Let v(h) = -7*h**2 + 15*h + 20. Let t(w) = -11*w**2 + 23*w + 30. Let s(b) = -5*t(b) + 8*v(b). What is s(d)?
-4
Let u(a) = -a - 3061*a**2 + 10*a**3 + 3063*a**2 + 2*a. Let p = 2 - 3. What is u(p)?
-9
Suppose -11 = 5*x - 41. Suppose 0*v - 3*v = -x. Let w(t) = 2*t - 2. Calculate w(v).
2
Let z be ((-2 - -2)/(-1))/2. Suppose 4*n + 2*d - 5 = 7*d, -3*n - d + 18 = z. Let a(t) = -t**2 + 2*t + 7. Determine a(n).
-8
Let w(c) = 16 - 6*c - 6*c + 3*c - 17. What is w(2)?
-19
Let k(j) be the first derivative of j**2 + 41*j - 22. What is k(-22)?
-3
Let l(o) = -9*o**2 + 38*o - 1. Let d(t) = -5*t**2 + 20*t - 1. Let j(v) = -11*d(v) + 6*l(v). Suppose -14 - 1 = y. Let a = y + 8. Determine j(a).
-2
Let v(j) = 5*j**3 + j**2 - 5*j + 4. Let k = -2 - -5. Let x(u) = -7 + 2*u**3 + 9*u - u**2 - 2*u**3 - 4*u**k - 5*u**3. Let p(a) = 5*v(a) + 3*x(a). Give p(2).
-5
Let b be (430/200 + (-9)/(-15))*-4. Let w(v) = -v**2 - 12*v - 2. What is w(b)?
9
Let t be (-20)/(-5 - -7) + 2 + 2. Let o(d) = 2*d + 13. What is o(t)?
1
Let q(z) be the first derivative of z**3/6 - 2*z**2 - z - 9. Let m(d) be the first derivative of q(d). Give m(7).
3
Let m(j) = -90*j - 85*j + 176*j - 20. Calculate m(16).
-4
Let t(f) = 2*f**2. Let k(l) = l**3 - 35*l**2 + l - 6. Let m(n) = -k(n) - 8*t(n). Calculate m(19).
-13
Let n be 281/(-9) - (-10)/45. Let g = 39 + n. Let y(w) = -17 - 2*w + 3*w + g. Calculate y(0).
-9
Let w(r) = 2*r**2 + 26*r - 17. Let h be (7*(-4)/3)/(2/3). Determine w(h).
11
Let h be (4/7)/(172/4214). Let u(z) = -z**2 + 15*z - 1. Calculate u(h).
13
Suppose -2*k + 0*t - 14 = -2*t, 5*t = -2*k. Let b(l) = -43679*l**2 + l**3 + 0*l + 43683*l**2 - 3*l + 7. Give b(k).
-3
Let u(l) = 3*l**3 + 7 - 1 - 2*l + 2*l**2 + 5*l**2 - 5*l**3 + l**3. Let r = 10 - 3. Give u(r).
-8
Let z(l) = l**2 - 8*l - 3. Let v(b) = b**3 + 12*b**2 + 15*b + 52. Let y be v(-11). What is z(y)?
-3
Let z(d) = -2*d**2 + 12*d - 29. Let o be z(7). Let u = 43 + o. Let i(a) = -a**2 + 8. What is i(u)?
8
Let p(o) = o**3 - 5*o**2 - 6*o + 6. Let h(i) = -4*i**3 - 12*i**2 - i + 3. Let q be h(-3). Determine p(q).
6
Let h(p) = -3*p - 4. Let a be h(-3). Let i = -1 + a. Let l(q) be the first derivative of -q**4/4 + 5*q**3/3 - q**2 - 5*q - 77. Calculate l(i).
3
Let t be (-2)/34 + (-335)/85. Let h(l) = -l**2 - l + 4. Determine h(t).
-8
Let c = 5 - -1. Let o(t) = -5*t - 23. Let d(a) = -5*a - 4*a - 6*a + 8 + 17*a. Let m(n) = 8*d(n) + 3*o(n). What is m(c)?
1
Let n(x) = 5*x**2 + 8. Let i(p) = 4*p**2 + 7. Let a = 21 + -26. Let m(r) = a*n(r) + 6*i(r). Determine m(3).
-7
Let b(s) = 28 + 353*s**2 - 5*s - 16 - 354*s**2. Determine b(5).
-38
Let s(t) = -t**2 + 9*t - 9. Let p(h) = -h**3 + 14*h**2 - 11*h - 23. Let g be p(13). Suppose 3 = -d - 2, 4*j + g*d - 9 = 0. Calculate s(j).
9
Let d(j) be the first derivative of -14 - 3/2*j**2 + 1/4*j**4 + 0*j**3 + 3*j. Let p be 1/(-2) - (-10)/4. Determine d(p).
5
Let t(f) = f + 5. Let a = 1 + 6. Let o = a + -7. What is t(o)?
5
Let w = -216 + 210. Let g(t) = 3*t - 6. Calculate g(w).
-24
Let g(d) = d**2 - 38. Let f = -872 - -878. Give g(f).
-2
Let r(c) = -5*c + 1. Let i = -24 - 20. Let y = 45 + i. Calculate r(y).
-4
Let r(l) = -l - 27 - l + 27. Calculate r(-1).
2
Suppose 14 + 54 = 17*i. Let y(n) = 3*n + 4. Let d(x) = -x - 1. Let b(a) = -6*d(a) - y(a). What is b(i)?
14
Let s(p) = -p + 7. Let t be s(5). Let m(q) = q**2 - 2*q. Determine m(t).
0
Suppose 0 = 2*h - 3*q - 28, 6*q - 7*q + 9 = h. Let i(f) = f**2 - 15*f + 26. Calculate i(h).
-18
Let f(j) = j**3 - 7*j**2 + 5*j - 1. Let b be ((-4)/(-6))/(3/27). Let h(n) = 1 + 4*n - 1 - 3*n - b*n**3 + n**2. Let w be h(-1). What is f(w)?
-7
Suppose -15*o = -10*o - 3*w + 20, 3*o - 3*w = -18. Let u(k) be the third derivative of -11*k**6/120 - k**2. What is u(o)?
11
Suppose 4*g - 5*h = 41, -3*g - 3*h + 42 = 2*g. Let d = -7 + g. Let v(y) = 1 - 2 - d*y**2 + 0 - 3*y**2 + y**3. Give v(5).
-1
Let w(o) = o + 9. Let k(d) = 3*d + 27. Let q(x) = 4*k(x) - 11*w(x). Suppose -2*u = -s + 14, -u = 2*u + 2*s + 28. What is q(u)?
1
Suppose 0*f - 2*f + 2*b = -8, 3*b = -3*f. Let q(k) = -2*k**f + k + 0*k**2 + 4*k**2. Suppose -t - 10 = -4*v - 2, v + 5*t - 2 = 0. What is q(v)?
10
Let v(t) be the third derivative of -t**5/15 + t**4/24 - 20*t**2 + 9*t. Let p = 0 - -1. Let q(y) = y + 1. Let x be q(p). What is v(x)?
-14
Let f(v) = v - 7*v**2 + 2*v**2 + 7*v**2 + 16*v**3 + 5*v**3. Let s be f(-1). Let m = s - -22. Let q(n) = -n**2 + 3*n - 2. What is q(m)?
0
Let v be (-18)/(-63) - (-16)/(-56). Let l(h) be the second derivative of v*h**2 + 8*h + 5/3*h**3 + 0. Give l(-1).
-10
Let j(r) = -r**3 - 5*r**2 - 5*r - 6. Suppose 3*g + 23 = -4*t, -4*g + 3*t - 7 - 7 = 0. Calculate j(g).
19
Suppose 6*z - 889 = -865. Let n(f) = f - 2. Calculate n(z).
2
Let r = -87 - -87. Suppose r = 8*f + 7*f + 15. Let n(s) = -19*s - 1. Determine n(f).
18
Let x be 3/5 - 394/(-10). Let c = x + -24. Let i = 19 - c. Let j(k) = -k**3 + 2*k**2 + 2*k + 1. What is j(i)?
-2
Let y(c) be the second derivative of -c**3/6 + 3*c**2 - 27*c. Let r be y(12). Let w(l) = -2*l + 8. Give w(r).
20
Let n = 48 + -46. Let q(f) = -5*f**2 + 8*f**n + 2 - 3 + 2*f**2. What is q(-1)?
4
Let k(x) = x**3 - 4*x**2 + 2*x + 1. Let t(i) = -i**3 + 10*i**2 + 4*i - 38. Let q be t(10). Let m be (0 + 2)/((-24)/(-9) - q). Calculate k(m).
-2
Let f(n) = -n**2 + n + 4. Let o be 2/(-6) - (-20)/(-12). Let q be (-1)/(-2)*(-4 + o). Determine f(q).
-8
Let x(r) = -31 + 16 - r - r**2 - r + 19 + 5*r. What is x(3)?
4
Let q = 70 + -53. Suppose -2*v + 2 = -10. Let c(j) = 2*j**2 - q*j + 10*j + j**3 - v - 2*j**2 - 6*j**2. Determine c(7).
-6
Let l(f) = -9*f - 5. Let i(c) = -11*c - 4. Let d(t) = -4*i(t) + 5*l(t). Give d(-14).
5
Let c be 20/15*(3 + (2 - 2)). Let l(w) = w**2 - 6*w - 3. Determine l(c).
-11
Let f(q) = 2*q**2 + 3*q + 25. Let r(g) = -g + 5. Let b(z) = f(z) - 6*r(z). Determine b(-6).
13
Let k(g) = 93*g**3 + 13*g**2 + 3*g - 1. Let a(c) = 24*c**3 + 3*c**2 + c. Let f(d) = -9*a(d) + 2*k(d). Calculate f(-1).
30
Suppose -2*l = -3*l - 2. Let f be l*8/(6/(-3)). Let y = f - 2. Let q(z) = 2*z - 3. What is q(y)?
9
Let v(q) = 2*q**2 - 4*q + 2. Suppose 0 = p - 2*o - 8, 1 + 19 = p - 5*o. Suppose p*h = -5*h + 15. Calculate v(h).
8
Suppose 2*w - 6*w + 16 = 0. Let d(u) be the first derivative of u**2/2 + 5*u + 38. Calculate d(w).
9
Let u(t) = -1 - 8 - 3*t + 18 - 6. Let f(m) = -3*m**2 + m - 1. Let v be f(1). Give u(v).
12
Let v(h) = h**2 + 7*h + 5. Let y(g) = 3*g - 30. Let p be y(12). Suppose 0 = -j - 13 + p. Calculate v(j).
5
Let h be (-201)/39 + 2/13. Suppose 5*p - 16 = -3*r, 0 = p + r - 0 - 4. Let f(c) = p*c**3 - 4*c + 4*c**2 + 3*c - c**3 - 1 - 3*c. Calculate f(h).
-6
Let f(x) = -214 - 9*x + 0*x**3 + 223 - x**3 - 12*x**2. What is f(-11)?
-13
Let i(b) = 8*b**2 + b. Suppose 0 = -4*h - 98 + 94. Give i